{"id":2035,"date":"2019-04-10T23:34:33","date_gmt":"2019-04-10T23:34:33","guid":{"rendered":"https:\/\/www.iaicr.com\/htdocs\/?page_id=2035"},"modified":"2025-03-05T14:18:06","modified_gmt":"2025-03-05T20:18:06","slug":"certificaciones","status":"publish","type":"page","link":"https:\/\/www.iaicr.com\/htdocs\/certificaciones\/","title":{"rendered":"Certificaciones IIA"},"content":{"rendered":"<div class=\"fusion-fullwidth fullwidth-box fusion-builder-row-1 fusion-flex-container nonhundred-percent-fullwidth non-hundred-percent-height-scrolling\" style=\"background-color: #ffffff;background-position: center center;background-repeat: no-repeat;border-width: 0px 0px 0px 0px;border-color:#e2e2e2;border-style:solid;\" ><div class=\"fusion-builder-row fusion-row fusion-flex-align-items-flex-start\" style=\"max-width:1331.2px;margin-left: calc(-4% \/ 2 );margin-right: calc(-4% \/ 2 );\"><div class=\"fusion-layout-column fusion_builder_column fusion-builder-column-0 fusion_builder_column_1_2 1_2 fusion-flex-column\"><div class=\"fusion-column-wrapper fusion-flex-justify-content-flex-start fusion-content-layout-column\" style=\"background-position:left top;background-repeat:no-repeat;-webkit-background-size:cover;-moz-background-size:cover;-o-background-size:cover;background-size:cover;padding: 0px 0px 0px 0px;\"><div style=\"text-align:center;\"><span class=\" fusion-imageframe imageframe-none imageframe-1 hover-type-none\"><img data-recalc-dims=\"1\" decoding=\"async\" width=\"270\" height=\"150\" title=\"certificate_cia\" src=\"https:\/\/i0.wp.com\/www.iaicr.com\/htdocs\/wp-content\/uploads\/2019\/04\/certificate_cia-1.png?resize=270%2C150&#038;ssl=1\" class=\"img-responsive wp-image-2122\" srcset=\"https:\/\/i0.wp.com\/www.iaicr.com\/htdocs\/wp-content\/uploads\/2019\/04\/certificate_cia-1.png?resize=200%2C111&amp;ssl=1 200w, https:\/\/i0.wp.com\/www.iaicr.com\/htdocs\/wp-content\/uploads\/2019\/04\/certificate_cia-1.png?w=270&amp;ssl=1 270w\" sizes=\"(max-width: 640px) 100vw, 270px\" \/><\/span><\/div><style type=\"text\/css\">.fusion-accordian  #accordion-2035-1 .panel-title a .fa-fusion-box{ color: #ffffff;}.fusion-accordian  #accordion-2035-1 .panel-title a .fa-fusion-box:before{ font-size: 16px; width: 16px;}.fusion-accordian  #accordion-2035-1 .panel-title a{font-size:18px;}.fusion-accordian  #accordion-2035-1 .fa-fusion-box { background-color: #212934;border-color: #212934;}.fusion-accordian  #accordion-2035-1 .panel-title a:hover, #accordion-2035-1 .fusion-toggle-boxed-mode:hover .panel-title a { color: #65bc7b;}.fusion-accordian  #accordion-2035-1 .panel-title .active .fa-fusion-box,.fusion-accordian  #accordion-2035-1 .panel-title a:hover .fa-fusion-box { background-color: #65bc7b!important;border-color: #65bc7b!important;}<\/style><div class=\"accordian fusion-accordian\"><div class=\"panel-group\" id=\"accordion-2035-1\"><div class=\"fusion-panel panel-default\"><div class=\"panel-heading\"><h4 class=\"panel-title toggle\"><a aria-expanded=\"false\" aria-controls=\"71f7e03453e3895e7\" role=\"button\" data-toggle=\"collapse\" data-parent=\"#accordion-2035-1\" data-target=\"#71f7e03453e3895e7\" href=\"#71f7e03453e3895e7\"><span class=\"fusion-toggle-icon-wrapper\" aria-hidden=\"true\"><i class=\"fa-fusion-box\" aria-hidden=\"true\"><\/i><\/span><span class=\"fusion-toggle-heading\">Certified Internal Auditor\u00ae<\/span><\/a><\/h4><\/div><div id=\"71f7e03453e3895e7\" class=\"panel-collapse collapse \"><div class=\"panel-body toggle-content fusion-clearfix\">\n<p>Como la \u00fanica certificaci\u00f3n de auditor\u00eda interna reconocida a nivel mundial, convertirse en un Auditor Interno Certificado (CIA\u00ae) \u200b\u200bes la manera \u00f3ptima de comunicar conocimientos, habilidades y competencias para llevar a cabo de manera efectiva las responsabilidades profesionales de cualquier auditor\u00eda interna, en cualquier parte del mundo.<\/p>\n<p>Agregar la credencial de la CIA a tu curr\u00edculum, perfil de LinkedIn y tarjeta de presentaci\u00f3n te ayudar\u00e1 a destacar y demostrar que usted es:<\/p>\n<ul>\n<li>Un auditor interno cre\u00edble y confiable.<\/li>\n<li>Un verdadero experto que entiende y puede aplicar los Est\u00e1ndares internacionales para la pr\u00e1ctica profesional de la auditor\u00eda interna.<\/li>\n<li>Un profesional m\u00e1s fuerte y competente que tenga conocimientos de gobierno organizativo.<\/li>\n<li>Comprometido con la profesi\u00f3n de auditor\u00eda interna y equipado para oportunidades de avance profesional.<\/li>\n<li>Destacado entre sus colegas.<\/li>\n<\/ul>\n<p><strong>Exam Syllabus<\/strong><\/p>\n<p>Parte 1 \u2013 Fundamentos de la auditor\u00eda interna<br \/>\n125 preguntas I 2.5 horas (150 minutos)<\/p>\n<p>La primera parte del ex\u00e1men CIA se encuentra bastante alienada con las MIPPS e incluye seis dominios que cubren los fundamentos de la auditor\u00eda interna; independencia y objetividad; competencia y debido cuidado profesional; programas de aseguramiento y mejora de la calidad; gobernanza, gesti\u00f3n de riesgos y control; y el riesgo de fraude. La primera parte eval\u00faa los conocimientos, destrezas y habilidades de los candidatos relacionados con los Est\u00e1ndares internacionales para la pr\u00e1ctica profesional de la auditor\u00eda interna, en particular los Est\u00e1ndares de atributos (series 1000, 1100, 1200 y 1300), as\u00ed como el Est\u00e1ndar de desempe\u00f1o 2100.<\/p>\n<p>Parte 2 \u2013 Pr\u00e1ctica de la auditor\u00eda interna<br \/>\n100 preguntas I 2.0 horas (120 minutos)<\/p>\n<p>La segunda parte del ex\u00e1men CIA incluye 4 temas, haciendo \u00e9nfasis en administrar la actividad de auditor\u00eda interna, planificar el compromiso, realizar el compromiso y comunicar los resultados del compromiso y monitorear el progreso. La Parte 2 eval\u00faa el conocimiento, las destrezas y las habilidades de los candidatos, particularmente relacionadas con los Est\u00e1ndares de rendimiento (series 2000, 2200, 2300, 2400, 2500 y 2600) y las pr\u00e1cticas actuales de auditor\u00eda interna.<\/p>\n<p>Parte 3 \u2013 Conocimiento empresarial para la auditor\u00eda interna<br \/>\n100 preguntas I 2.0 horas (120 minutos)<\/p>\n<p>La tercera parte del ex\u00e1men CIA incluye cuatro temas enfocados en la visi\u00f3n para los negocios, la seguridad de la informaci\u00f3n, la tecnolog\u00eda de la informaci\u00f3n y la gesti\u00f3n financiera. La tercera parte est\u00e1 dise\u00f1ada para evaluar el conocimiento, las destrezas y las habilidades de los candidatos, especialmente en lo que se relaciona con estos conceptos b\u00e1sicos del negocio.<\/p>\n<p>Mas informaci\u00f3n en\u00a0 <strong><a href=\"https:\/\/www.theiia.org\/en\/certifications\/cia\/\">https:\/\/www.theiia.org\/en\/certifications\/cia\/<\/a><\/strong><\/p>\n<\/div><\/div><\/div><\/div><\/div><div style=\"text-align:center;\"><span class=\" fusion-imageframe imageframe-none imageframe-2 hover-type-none\"><img data-recalc-dims=\"1\" decoding=\"async\" width=\"270\" height=\"150\" title=\"certificate_crma\" src=\"https:\/\/i0.wp.com\/www.iaicr.com\/htdocs\/wp-content\/uploads\/2019\/04\/certificate_crma-1.png?resize=270%2C150&#038;ssl=1\" class=\"img-responsive wp-image-2123\" srcset=\"https:\/\/i0.wp.com\/www.iaicr.com\/htdocs\/wp-content\/uploads\/2019\/04\/certificate_crma-1.png?resize=200%2C111&amp;ssl=1 200w, https:\/\/i0.wp.com\/www.iaicr.com\/htdocs\/wp-content\/uploads\/2019\/04\/certificate_crma-1.png?w=270&amp;ssl=1 270w\" sizes=\"(max-width: 640px) 100vw, 270px\" \/><\/span><\/div><style type=\"text\/css\">.fusion-accordian  #accordion-2035-2 .panel-title a .fa-fusion-box{ color: #ffffff;}.fusion-accordian  #accordion-2035-2 .panel-title a .fa-fusion-box:before{ font-size: 16px; width: 16px;}.fusion-accordian  #accordion-2035-2 .panel-title a{font-size:18px;}.fusion-accordian  #accordion-2035-2 .fa-fusion-box { background-color: #212934;border-color: #212934;}.fusion-accordian  #accordion-2035-2 .panel-title a:hover, #accordion-2035-2 .fusion-toggle-boxed-mode:hover .panel-title a { color: #65bc7b;}.fusion-accordian  #accordion-2035-2 .panel-title .active .fa-fusion-box,.fusion-accordian  #accordion-2035-2 .panel-title a:hover .fa-fusion-box { background-color: #65bc7b!important;border-color: #65bc7b!important;}<\/style><div class=\"accordian fusion-accordian\"><div class=\"panel-group\" id=\"accordion-2035-2\"><div class=\"fusion-panel panel-default\"><div class=\"panel-heading\"><h4 class=\"panel-title toggle\"><a aria-expanded=\"false\" aria-controls=\"7f90427c4f0b18fcc\" role=\"button\" data-toggle=\"collapse\" data-parent=\"#accordion-2035-2\" data-target=\"#7f90427c4f0b18fcc\" href=\"#7f90427c4f0b18fcc\"><span class=\"fusion-toggle-icon-wrapper\" aria-hidden=\"true\"><i class=\"fa-fusion-box\" aria-hidden=\"true\"><\/i><\/span><span class=\"fusion-toggle-heading\">Certification in Risk Management Assurance\u00ae<\/span><\/a><\/h4><\/div><div id=\"7f90427c4f0b18fcc\" class=\"panel-collapse collapse \"><div class=\"panel-body toggle-content fusion-clearfix\">\n<p>Como la \u00fanica certificaci\u00f3n de aseguramiento de la gesti\u00f3n de riesgos para auditores internos, el programa de Certificaci\u00f3n en Aseguramiento de la Gesti\u00f3n de Riesgos\u00ae (CRMA\u00ae) del IIA se ha actualizado para reflejar el profundo conocimiento organizacional y los conjuntos de habilidades avanzadas que se requieren para proporcionar un aseguramiento eficaz de la gesti\u00f3n de riesgos a los comit\u00e9s de auditor\u00eda y a la gerencia ejecutiva.<\/p>\n<p><strong>Obtener el CRMA ayuda a abordar el impacto del riesgo y demuestra que tiene la capacidad de:<\/strong><\/p>\n<ul>\n<li>Proporcionar seguridad en los procesos centrales de la organizaci\u00f3n en la gesti\u00f3n de riesgos y la gobernanza.<\/li>\n<li>Educar a la gerencia y al comit\u00e9 de auditor\u00eda sobre los conceptos de riesgo y gesti\u00f3n de riesgos.<\/li>\n<li>Ofrecer certeza de la calidad y control de autoevaluaci\u00f3n.<\/li>\n<li>Agregar valor a su organizaci\u00f3n como un asesor de confianza.<\/li>\n<\/ul>\n<p>Mas informaci\u00f3n en <strong><a href=\"https:\/\/www.theiia.org\/en\/certifications\/crma\/\">https:\/\/www.theiia.org\/en\/certifications\/crma\/<\/a><\/strong><\/p>\n<\/div><\/div><\/div><\/div><\/div><\/div><style type=\"text\/css\">.fusion-body .fusion-builder-column-0{width:50% !important;margin-top : 0px;margin-bottom : 20px;}.fusion-builder-column-0 > .fusion-column-wrapper {padding-top : 0px !important;padding-right : 0px !important;margin-right : 3.84%;padding-bottom : 0px !important;padding-left : 0px !important;margin-left : 3.84%;}@media only screen and (max-width:1024px) {.fusion-body .fusion-builder-column-0{width:50% !important;}.fusion-builder-column-0 > .fusion-column-wrapper {margin-right : 3.84%;margin-left : 3.84%;}}@media only screen and (max-width:640px) {.fusion-body .fusion-builder-column-0{width:100% !important;}.fusion-builder-column-0 > .fusion-column-wrapper {margin-right : 1.92%;margin-left : 1.92%;}}<\/style><\/div><div class=\"fusion-layout-column fusion_builder_column fusion-builder-column-1 fusion_builder_column_1_2 1_2 fusion-flex-column\"><div class=\"fusion-column-wrapper fusion-flex-justify-content-flex-start fusion-content-layout-column\" style=\"background-position:left top;background-repeat:no-repeat;-webkit-background-size:cover;-moz-background-size:cover;-o-background-size:cover;background-size:cover;padding: 0px 0px 0px 0px;\"><div style=\"text-align:center;\"><span class=\" fusion-imageframe imageframe-none imageframe-3 hover-type-none\"><img data-recalc-dims=\"1\" decoding=\"async\" width=\"270\" height=\"150\" title=\"certificate_qial\" src=\"https:\/\/i0.wp.com\/www.iaicr.com\/htdocs\/wp-content\/uploads\/2025\/03\/Captura-de-pantalla-2025-03-05-140129-e1741205814381.png?resize=270%2C150&#038;ssl=1\" class=\"img-responsive wp-image-2124\"\/><\/span><\/div><style type=\"text\/css\">.fusion-accordian  #accordion-2035-3 .panel-title a .fa-fusion-box{ color: #ffffff;}.fusion-accordian  #accordion-2035-3 .panel-title a .fa-fusion-box:before{ font-size: 16px; width: 16px;}.fusion-accordian  #accordion-2035-3 .panel-title a{font-size:18px;}.fusion-accordian  #accordion-2035-3 .fa-fusion-box { background-color: #212934;border-color: #212934;}.fusion-accordian  #accordion-2035-3 .panel-title a:hover, #accordion-2035-3 .fusion-toggle-boxed-mode:hover .panel-title a { color: #65bc7b;}.fusion-accordian  #accordion-2035-3 .panel-title .active .fa-fusion-box,.fusion-accordian  #accordion-2035-3 .panel-title a:hover .fa-fusion-box { background-color: #65bc7b!important;border-color: #65bc7b!important;}<\/style><div class=\"accordian fusion-accordian\"><div class=\"panel-group\" id=\"accordion-2035-3\"><div class=\"fusion-panel panel-default\"><div class=\"panel-heading\"><h4 class=\"panel-title toggle\"><a aria-expanded=\"false\" aria-controls=\"19edd979c2571818b\" role=\"button\" data-toggle=\"collapse\" data-parent=\"#accordion-2035-3\" data-target=\"#19edd979c2571818b\" href=\"#19edd979c2571818b\"><span class=\"fusion-toggle-icon-wrapper\" aria-hidden=\"true\"><i class=\"fa-fusion-box\" aria-hidden=\"true\"><\/i><\/span><span class=\"fusion-toggle-heading\">Auditor Interno Practicante\u00ae<\/span><\/a><\/h4><\/div><div id=\"19edd979c2571818b\" class=\"panel-collapse collapse \"><div class=\"panel-body toggle-content fusion-clearfix\">\n<p>Para apoyar a los estudiantes, as\u00ed como a los auditores nuevos y rotativos en su camino hacia la auditor\u00eda interna, el IIA se complace en anunciar los requisitos de educaci\u00f3n y empleo revisados \u200b\u200bdel programa de Auditor Interno Practicante. La designaci\u00f3n de Auditor Interno Practicante es una excelente manera de demostrar aptitud para la auditor\u00eda interna. El programa de Auditor Interno Practicante Activo abre un nuevo camino hacia la designaci\u00f3n de Auditor Interno Certificado\u00ae (CIA\u00ae), la \u00fanica certificaci\u00f3n reconocida mundialmente para auditores internos practicantes en todo el mundo.<\/p>\n<p><strong>\u00bfQui\u00e9n deber\u00eda buscar la designaci\u00f3n de Auditor Interno Practicante?<\/strong><\/p>\n<ul>\n<li><strong>Estudiantes universitarios<\/strong>\u00a0: Graduarse con la designaci\u00f3n de Auditor Interno Practicante refleja su compromiso de ingresar a la profesi\u00f3n con el conocimiento fundamental necesario para comenzar a contribuir de inmediato.<\/li>\n<li><strong>Auditores internos principiantes<\/strong>\u00a0: obtener esta designaci\u00f3n le permite hacer una declaraci\u00f3n sobre sus conocimientos y aptitudes a medida que avanza en el programa CIA.<\/li>\n<li><strong>Auditores internos rotativos<\/strong>\u00a0: esta designaci\u00f3n es ideal para auditores rotativos ya que demuestra r\u00e1pidamente su conocimiento y aptitud respecto de las Normas del IIA.<\/li>\n<li><strong>Gerentes de actividades de auditor\u00eda interna<\/strong>\u00a0: esta designaci\u00f3n ayuda a demostrar que sus auditores internos est\u00e1n bien versados \u200b\u200ben los conceptos b\u00e1sicos de auditor\u00eda interna y establece una base com\u00fan de habilidades y conocimientos relacionados con las mejores pr\u00e1cticas de auditor\u00eda interna.<\/li>\n<\/ul>\n<p>Mas informaci\u00f3n en <a href=\"https:\/\/www.theiia.org\/en\/certifications\/iap\/\"><strong>https:\/\/www.theiia.org\/en\/certifications\/iap\/<\/strong><\/a><\/p>\n<\/div><\/div><\/div><\/div><\/div><\/div><style type=\"text\/css\">.fusion-body .fusion-builder-column-1{width:50% !important;margin-top : 0px;margin-bottom : 20px;}.fusion-builder-column-1 > .fusion-column-wrapper {padding-top : 0px !important;padding-right : 0px !important;margin-right : 3.84%;padding-bottom : 0px !important;padding-left : 0px !important;margin-left : 3.84%;}@media only screen and (max-width:1024px) {.fusion-body .fusion-builder-column-1{width:50% !important;}.fusion-builder-column-1 > .fusion-column-wrapper {margin-right : 3.84%;margin-left : 3.84%;}}@media only screen and (max-width:640px) {.fusion-body .fusion-builder-column-1{width:100% !important;}.fusion-builder-column-1 > .fusion-column-wrapper {margin-right : 1.92%;margin-left : 1.92%;}}<\/style><\/div><\/div><style type=\"text\/css\">.fusion-body .fusion-flex-container.fusion-builder-row-1{ padding-top : 0px;margin-top : 0px;padding-right : 0px;padding-bottom : 0px;margin-bottom : 0px;padding-left : 0px;}<\/style><\/div>\n","protected":false},"excerpt":{"rendered":"","protected":false},"author":4,"featured_media":0,"parent":0,"menu_order":0,"comment_status":"closed","ping_status":"closed","template":"","meta":{"om_disable_all_campaigns":false,"_exactmetrics_skip_tracking":false,"_exactmetrics_sitenote_active":false,"_exactmetrics_sitenote_note":"","_exactmetrics_sitenote_category":0,"footnotes":""},"class_list":["post-2035","page","type-page","status-publish","hentry"],"jetpack_sharing_enabled":true,"_links":{"self":[{"href":"https:\/\/www.iaicr.com\/htdocs\/wp-json\/wp\/v2\/pages\/2035","targetHints":{"allow":["GET"]}}],"collection":[{"href":"https:\/\/www.iaicr.com\/htdocs\/wp-json\/wp\/v2\/pages"}],"about":[{"href":"https:\/\/www.iaicr.com\/htdocs\/wp-json\/wp\/v2\/types\/page"}],"author":[{"embeddable":true,"href":"https:\/\/www.iaicr.com\/htdocs\/wp-json\/wp\/v2\/users\/4"}],"replies":[{"embeddable":true,"href":"https:\/\/www.iaicr.com\/htdocs\/wp-json\/wp\/v2\/comments?post=2035"}],"version-history":[{"count":5,"href":"https:\/\/www.iaicr.com\/htdocs\/wp-json\/wp\/v2\/pages\/2035\/revisions"}],"predecessor-version":[{"id":37386,"href":"https:\/\/www.iaicr.com\/htdocs\/wp-json\/wp\/v2\/pages\/2035\/revisions\/37386"}],"wp:attachment":[{"href":"https:\/\/www.iaicr.com\/htdocs\/wp-json\/wp\/v2\/media?parent=2035"}],"curies":[{"name":"wp","href":"https:\/\/api.w.org\/{rel}","templated":true}]}}